{"id":569,"date":"2018-10-01T13:10:05","date_gmt":"2018-10-01T13:10:05","guid":{"rendered":"https:\/\/www.kebapcitalha.com.tr\/index.php\/about-us\/"},"modified":"2024-01-04T06:20:36","modified_gmt":"2024-01-04T06:20:36","slug":"about-us","status":"publish","type":"page","link":"https:\/\/www.kebapcitalha.com.tr\/index.php\/about-us\/","title":{"rendered":"Hakk\u0131m\u0131zda"},"content":{"rendered":"\t\t<div data-elementor-type=\"wp-post\" data-elementor-id=\"569\" class=\"elementor elementor-569\">\n\t\t\t\t<div class=\"elementor-element elementor-element-0c9783b e-flex e-con-boxed e-con e-parent\" data-id=\"0c9783b\" data-element_type=\"container\" data-e-type=\"container\" data-settings=\"{&quot;background_background&quot;:&quot;classic&quot;,&quot;shape_divider_bottom&quot;:&quot;triangle&quot;}\">\n\t\t\t\t\t<div class=\"e-con-inner\">\n\t\t\t\t<div class=\"elementor-shape elementor-shape-bottom\" aria-hidden=\"true\" data-negative=\"false\">\n\t\t\t<svg xmlns=\"http:\/\/www.w3.org\/2000\/svg\" viewBox=\"0 0 1000 100\" preserveAspectRatio=\"none\">\n\t<path class=\"elementor-shape-fill\" d=\"M500,98.9L0,6.1V0h1000v6.1L500,98.9z\"\/>\n<\/svg>\t\t<\/div>\n\t\t<div class=\"elementor-element elementor-element-69f6b4b e-con-full e-flex e-con e-child\" data-id=\"69f6b4b\" data-element_type=\"container\" data-e-type=\"container\">\n\t\t\t\t<\/div>\n\t\t<div class=\"elementor-element elementor-element-53e4026 e-con-full e-flex e-con e-child\" data-id=\"53e4026\" data-element_type=\"container\" data-e-type=\"container\">\n\t\t\t\t<div class=\"elementor-element elementor-element-1312f05 elementor-widget elementor-widget-image\" data-id=\"1312f05\" data-element_type=\"widget\" data-e-type=\"widget\" data-widget_type=\"image.default\">\n\t\t\t\t<div class=\"elementor-widget-container\">\n\t\t\t\t\t\t\t\t\t\t\t\t\t\t\t<img decoding=\"async\" width=\"200\" height=\"35\" src=\"https:\/\/www.kebapcitalha.com.tr\/wp-content\/uploads\/2024\/01\/divider-free-img-1-3.png\" class=\"attachment-full size-full wp-image-1909\" alt=\"\" \/>\t\t\t\t\t\t\t\t\t\t\t\t\t\t\t<\/div>\n\t\t\t\t<\/div>\n\t\t\t\t<div class=\"elementor-element elementor-element-5e87003 elementor-invisible elementor-widget elementor-widget-heading\" data-id=\"5e87003\" data-element_type=\"widget\" data-e-type=\"widget\" data-settings=\"{&quot;_animation&quot;:&quot;fadeInDown&quot;}\" data-widget_type=\"heading.default\">\n\t\t\t\t<div class=\"elementor-widget-container\">\n\t\t\t\t\t<h3 class=\"elementor-heading-title elementor-size-default\">Kebap\u00e7\u0131 Talha<\/h3>\t\t\t\t<\/div>\n\t\t\t\t<\/div>\n\t\t\t\t<div class=\"elementor-element elementor-element-9347d3b elementor-invisible elementor-widget elementor-widget-heading\" data-id=\"9347d3b\" data-element_type=\"widget\" data-e-type=\"widget\" data-settings=\"{&quot;_animation&quot;:&quot;fadeInUp&quot;,&quot;_animation_delay&quot;:200}\" data-widget_type=\"heading.default\">\n\t\t\t\t<div class=\"elementor-widget-container\">\n\t\t\t\t\t<h1 class=\"elementor-heading-title elementor-size-default\">Hakk\u0131m\u0131zda<\/h1>\t\t\t\t<\/div>\n\t\t\t\t<\/div>\n\t\t\t\t<\/div>\n\t\t<div class=\"elementor-element elementor-element-1963e7b e-con-full e-flex e-con e-child\" data-id=\"1963e7b\" data-element_type=\"container\" data-e-type=\"container\">\n\t\t\t\t<\/div>\n\t\t\t\t\t<\/div>\n\t\t\t\t<\/div>\n\t\t<div class=\"elementor-element elementor-element-d7071a1 e-flex e-con-boxed e-con e-parent\" data-id=\"d7071a1\" data-element_type=\"container\" data-e-type=\"container\" data-settings=\"{&quot;background_background&quot;:&quot;gradient&quot;}\">\n\t\t\t\t\t<div class=\"e-con-inner\">\n\t\t<div class=\"elementor-element elementor-element-418b578 e-con-full e-flex e-con e-child\" data-id=\"418b578\" data-element_type=\"container\" data-e-type=\"container\">\n\t\t<div class=\"elementor-element elementor-element-cb6012b e-flex e-con-boxed e-con e-child\" data-id=\"cb6012b\" data-element_type=\"container\" data-e-type=\"container\">\n\t\t\t\t\t<div class=\"e-con-inner\">\n\t\t<div class=\"elementor-element elementor-element-86c9e61 e-con-full e-flex e-con e-child\" data-id=\"86c9e61\" data-element_type=\"container\" data-e-type=\"container\">\n\t\t\t\t<\/div>\n\t\t<div class=\"elementor-element elementor-element-d59e493 e-con-full e-flex e-con e-child\" data-id=\"d59e493\" data-element_type=\"container\" data-e-type=\"container\">\n\t\t\t\t<div class=\"elementor-element elementor-element-cbe91f3 elementor-invisible elementor-widget elementor-widget-heading\" data-id=\"cbe91f3\" data-element_type=\"widget\" data-e-type=\"widget\" data-settings=\"{&quot;_animation&quot;:&quot;fadeInDown&quot;}\" data-widget_type=\"heading.default\">\n\t\t\t\t<div class=\"elementor-widget-container\">\n\t\t\t\t\t<h2 class=\"elementor-heading-title elementor-size-default\">Kebap\u00e7\u0131 Talha <\/h2>\t\t\t\t<\/div>\n\t\t\t\t<\/div>\n\t\t\t\t<div class=\"elementor-element elementor-element-5118218 elementor-widget elementor-widget-image\" data-id=\"5118218\" data-element_type=\"widget\" data-e-type=\"widget\" data-widget_type=\"image.default\">\n\t\t\t\t<div class=\"elementor-widget-container\">\n\t\t\t\t\t\t\t\t\t\t\t\t\t\t\t<img decoding=\"async\" width=\"200\" height=\"35\" src=\"https:\/\/www.kebapcitalha.com.tr\/wp-content\/uploads\/2024\/01\/divider-free-img-1-3.png\" class=\"attachment-full size-full wp-image-1909\" alt=\"\" \/>\t\t\t\t\t\t\t\t\t\t\t\t\t\t\t<\/div>\n\t\t\t\t<\/div>\n\t\t\t\t<\/div>\n\t\t<div class=\"elementor-element elementor-element-57109d0 e-con-full e-flex e-con e-child\" data-id=\"57109d0\" data-element_type=\"container\" data-e-type=\"container\">\n\t\t\t\t<\/div>\n\t\t\t\t\t<\/div>\n\t\t\t\t<\/div>\n\t\t\t\t<\/div>\n\t\t\t\t\t<\/div>\n\t\t\t\t<\/div>\n\t\t<div class=\"elementor-element elementor-element-a80aee3 e-flex e-con-boxed e-con e-parent\" data-id=\"a80aee3\" data-element_type=\"container\" data-e-type=\"container\" data-settings=\"{&quot;background_background&quot;:&quot;classic&quot;}\">\n\t\t\t\t\t<div class=\"e-con-inner\">\n\t\t<div class=\"elementor-element elementor-element-07de360 e-con-full e-flex e-con e-child\" data-id=\"07de360\" data-element_type=\"container\" data-e-type=\"container\">\n\t\t\t\t<div class=\"elementor-element elementor-element-84a14c6 elementor-widget-divider--view-line elementor-widget elementor-widget-divider\" data-id=\"84a14c6\" data-element_type=\"widget\" data-e-type=\"widget\" data-widget_type=\"divider.default\">\n\t\t\t\t<div class=\"elementor-widget-container\">\n\t\t\t\t\t\t\t<div class=\"elementor-divider\">\n\t\t\t<span class=\"elementor-divider-separator\">\n\t\t\t\t\t\t<\/span>\n\t\t<\/div>\n\t\t\t\t\t\t<\/div>\n\t\t\t\t<\/div>\n\t\t\t\t<div class=\"elementor-element elementor-element-d90cea9 elementor-widget elementor-widget-text-editor\" data-id=\"d90cea9\" data-element_type=\"widget\" data-e-type=\"widget\" data-widget_type=\"text-editor.default\">\n\t\t\t\t<div class=\"elementor-widget-container\">\n\t\t\t\t\t\t\t\t\t<p>Kebap\u00e7\u0131 Talha olarak 35 y\u0131l\u0131 a\u015fk\u0131n s\u00fcredir m\u00fc\u015fterilerimize en kaliteli ve lezzetli kebap, pide, lahmacun, d\u00f6ner, tand\u0131r, \u00e7orba \u00e7e\u015fitleri ve k\u00fcnefe gibi T\u00fcrk mutfa\u011f\u0131na ait lezzetleri sunuyoruz.<\/p><p>Ta\u015f\u0131d\u0131\u011f\u0131 lezzet miras\u0131n\u0131 , her ge\u00e7en g\u00fcn profesyonelle\u015fen ve mesleki tecr\u00fcbesiyle birle\u015fen Kebap\u00e7\u0131 Talha, g\u00fcler y\u00fczl\u00fc \u00e7al\u0131\u015fanlar\u0131 ve servis kalitesiyle de m\u00fc\u015fterilerinin takdirini kazan\u0131yor. Kebap\u00e7\u0131 Talha bug\u00fcn T\u00fcrk Mutfa\u011f\u0131n\u0131n\u00a0 essiz damak lezzetini temiz kaliteli hesapl\u0131 ucuz bir \u015fekilde sizlere sunman\u0131n gururunu ta\u015f\u0131maktad\u0131r. A\u00e7t\u0131\u011f\u0131m\u0131z g\u00fcnden bu yana i\u015fin ehli olan ki\u015filerle \u00e7al\u0131\u015fan Kebap\u00e7\u0131 Talha benzersiz bir damak zevkini tatmak isteyenlerin kesinlikle u\u011framas\u0131 gereken bir yerdir.<\/p><p>Bizim i\u00e7in en \u00f6nemli \u015fey, misafirlerimizin mutlu ve doygun bir \u015fekilde ayr\u0131lmas\u0131d\u0131r. Sizleri de i\u00e7tenlikle burada a\u011f\u0131rlamak ve lezzetli yemeklerimizi ekonomik fiyatlarla tatman\u0131z i\u00e7in davet ediyoruz.<\/p><p>Kendinizi evinizde gibi hissedin ve bizimle keyifli bir yemek deneyimi ya\u015fay\u0131n.<\/p><p dir=\"ltr\">\u00a0<\/p>\t\t\t\t\t\t\t\t<\/div>\n\t\t\t\t<\/div>\n\t\t\t\t<div class=\"elementor-element elementor-element-d5d5411 elementor-align-left elementor-mobile-align-center elementor-tablet-align-left elementor-widget elementor-widget-button\" data-id=\"d5d5411\" data-element_type=\"widget\" data-e-type=\"widget\" data-widget_type=\"button.default\">\n\t\t\t\t<div class=\"elementor-widget-container\">\n\t\t\t\t\t\t\t\t\t<div class=\"elementor-button-wrapper\">\n\t\t\t\t\t<a class=\"elementor-button elementor-button-link elementor-size-sm\" href=\"https:\/\/www.kebapcitalha.com.tr\/index.php\/menu\/\">\n\t\t\t\t\t\t<span class=\"elementor-button-content-wrapper\">\n\t\t\t\t\t\t\t\t\t<span class=\"elementor-button-text\">Men\u00fcye G\u00f6zat<\/span>\n\t\t\t\t\t<\/span>\n\t\t\t\t\t<\/a>\n\t\t\t\t<\/div>\n\t\t\t\t\t\t\t\t<\/div>\n\t\t\t\t<\/div>\n\t\t\t\t<\/div>\n\t\t<div class=\"elementor-element elementor-element-c1b3819 e-con-full e-flex e-con e-child\" data-id=\"c1b3819\" data-element_type=\"container\" data-e-type=\"container\" data-settings=\"{&quot;background_background&quot;:&quot;classic&quot;}\">\n\t\t\t\t<\/div>\n\t\t\t\t\t<\/div>\n\t\t\t\t<\/div>\n\t\t\t\t<\/div>\n\t\t","protected":false},"excerpt":{"rendered":"<p>Kebap\u00e7\u0131 Talha Hakk\u0131m\u0131zda Kebap\u00e7\u0131 Talha Kebap\u00e7\u0131 Talha olarak 35 y\u0131l\u0131 a\u015fk\u0131n s\u00fcredir m\u00fc\u015fterilerimize en kaliteli ve lezzetli kebap, pide, lahmacun, d\u00f6ner, tand\u0131r, \u00e7orba \u00e7e\u015fitleri ve k\u00fcnefe gibi T\u00fcrk mutfa\u011f\u0131na ait lezzetleri sunuyoruz. Ta\u015f\u0131d\u0131\u011f\u0131 lezzet miras\u0131n\u0131 , her ge\u00e7en g\u00fcn profesyonelle\u015fen ve mesleki tecr\u00fcbesiyle birle\u015fen Kebap\u00e7\u0131 Talha, g\u00fcler y\u00fczl\u00fc \u00e7al\u0131\u015fanlar\u0131 ve servis kalitesiyle de m\u00fc\u015fterilerinin takdirini [&hellip;]<\/p>\n","protected":false},"author":1,"featured_media":0,"parent":0,"menu_order":2,"comment_status":"closed","ping_status":"closed","template":"","meta":{"_uag_custom_page_level_css":"","site-sidebar-layout":"no-sidebar","site-content-layout":"page-builder","ast-site-content-layout":"default","site-content-style":"default","site-sidebar-style":"default","ast-global-header-display":"","ast-banner-title-visibility":"","ast-main-header-display":"","ast-hfb-above-header-display":"","ast-hfb-below-header-display":"","ast-hfb-mobile-header-display":"","site-post-title":"disabled","ast-breadcrumbs-content":"","ast-featured-img":"disabled","footer-sml-layout":"","ast-disable-related-posts":"","theme-transparent-header-meta":"","adv-header-id-meta":"","stick-header-meta":"","header-above-stick-meta":"","header-main-stick-meta":"","header-below-stick-meta":"","astra-migrate-meta-layouts":"default","ast-page-background-enabled":"default","ast-page-background-meta":{"desktop":{"background-color":"","background-image":"","background-repeat":"repeat","background-position":"center center","background-size":"auto","background-attachment":"scroll","background-type":"","background-media":"","overlay-type":"","overlay-color":"","overlay-opacity":"","overlay-gradient":""},"tablet":{"background-color":"","background-image":"","background-repeat":"repeat","background-position":"center center","background-size":"auto","background-attachment":"scroll","background-type":"","background-media":"","overlay-type":"","overlay-color":"","overlay-opacity":"","overlay-gradient":""},"mobile":{"background-color":"","background-image":"","background-repeat":"repeat","background-position":"center center","background-size":"auto","background-attachment":"scroll","background-type":"","background-media":"","overlay-type":"","overlay-color":"","overlay-opacity":"","overlay-gradient":""}},"ast-content-background-meta":{"desktop":{"background-color":"var(--ast-global-color-5)","background-image":"","background-repeat":"repeat","background-position":"center center","background-size":"auto","background-attachment":"scroll","background-type":"","background-media":"","overlay-type":"","overlay-color":"","overlay-opacity":"","overlay-gradient":""},"tablet":{"background-color":"var(--ast-global-color-5)","background-image":"","background-repeat":"repeat","background-position":"center center","background-size":"auto","background-attachment":"scroll","background-type":"","background-media":"","overlay-type":"","overlay-color":"","overlay-opacity":"","overlay-gradient":""},"mobile":{"background-color":"var(--ast-global-color-5)","background-image":"","background-repeat":"repeat","background-position":"center center","background-size":"auto","background-attachment":"scroll","background-type":"","background-media":"","overlay-type":"","overlay-color":"","overlay-opacity":"","overlay-gradient":""}},"footnotes":""},"class_list":["post-569","page","type-page","status-publish","hentry"],"uagb_featured_image_src":{"full":false,"thumbnail":false,"medium":false,"medium_large":false,"large":false,"1536x1536":false,"2048x2048":false},"uagb_author_info":{"display_name":"admin","author_link":"https:\/\/www.kebapcitalha.com.tr\/index.php\/author\/admin\/"},"uagb_comment_info":0,"uagb_excerpt":"Kebap\u00e7\u0131 Talha Hakk\u0131m\u0131zda Kebap\u00e7\u0131 Talha Kebap\u00e7\u0131 Talha olarak 35 y\u0131l\u0131 a\u015fk\u0131n s\u00fcredir m\u00fc\u015fterilerimize en kaliteli ve lezzetli kebap, pide, lahmacun, d\u00f6ner, tand\u0131r, \u00e7orba \u00e7e\u015fitleri ve k\u00fcnefe gibi T\u00fcrk mutfa\u011f\u0131na ait lezzetleri sunuyoruz. Ta\u015f\u0131d\u0131\u011f\u0131 lezzet miras\u0131n\u0131 , her ge\u00e7en g\u00fcn profesyonelle\u015fen ve mesleki tecr\u00fcbesiyle birle\u015fen Kebap\u00e7\u0131 Talha, g\u00fcler y\u00fczl\u00fc \u00e7al\u0131\u015fanlar\u0131 ve servis kalitesiyle de m\u00fc\u015fterilerinin takdirini&hellip;","_links":{"self":[{"href":"https:\/\/www.kebapcitalha.com.tr\/index.php\/wp-json\/wp\/v2\/pages\/569","targetHints":{"allow":["GET"]}}],"collection":[{"href":"https:\/\/www.kebapcitalha.com.tr\/index.php\/wp-json\/wp\/v2\/pages"}],"about":[{"href":"https:\/\/www.kebapcitalha.com.tr\/index.php\/wp-json\/wp\/v2\/types\/page"}],"author":[{"embeddable":true,"href":"https:\/\/www.kebapcitalha.com.tr\/index.php\/wp-json\/wp\/v2\/users\/1"}],"replies":[{"embeddable":true,"href":"https:\/\/www.kebapcitalha.com.tr\/index.php\/wp-json\/wp\/v2\/comments?post=569"}],"version-history":[{"count":28,"href":"https:\/\/www.kebapcitalha.com.tr\/index.php\/wp-json\/wp\/v2\/pages\/569\/revisions"}],"predecessor-version":[{"id":1998,"href":"https:\/\/www.kebapcitalha.com.tr\/index.php\/wp-json\/wp\/v2\/pages\/569\/revisions\/1998"}],"wp:attachment":[{"href":"https:\/\/www.kebapcitalha.com.tr\/index.php\/wp-json\/wp\/v2\/media?parent=569"}],"curies":[{"name":"wp","href":"https:\/\/api.w.org\/{rel}","templated":true}]}}